 is the units digit of v?
6
Let p = 449 - -124. What is the tens digit of p?
7
Let c be (-6)/14 + (0 - 45/(-7)). Suppose 4*p = -r + 517, 2*r = p - c*p + 647. What is the units digit of p?
9
Suppose -10*x = -13*x + 267. Suppose b = -0*b + x. What is the tens digit of b?
8
Let c = 28 + -28. Suppose c = -3*l + 4*j + 149, -l + 55 = -2*j - 2*j. Suppose -2*i + 175 - l = 0. What is the tens digit of i?
6
Let b = -23 + 27. Suppose b*z - 24 = 3*z. Let l = z + -2. What is the tens digit of l?
2
Let z be (-400)/28 - 4/(-14). What is the units digit of (-244)/(-14) + 6/z?
7
Suppose -771*a = -776*a + 15. What is the units digit of a?
3
Suppose 2*a + 13 = 267. What is the units digit of a?
7
Suppose 4*a - 4164 = -4*y + 4224, a = -5*y + 10469. What is the hundreds digit of y?
0
Suppose -5*y - 12 = -y, -2*x + 5*y = 1. Let g = 5 + x. What is the tens digit of (-11)/(g/(-3) + -2)?
1
Let m be ((-30)/(-9))/(-5)*450/(-12). Let t = 10 + m. What is the tens digit of t?
3
Suppose 32 = -t - 4*f, -3*t = -5*t + 3*f - 31. Let z = 71 - t. What is the units digit of z?
1
Suppose 615 = 5*q - 2*l, -q + l = -6*q + 600. Let p = 251 - q. What is the units digit of p?
0
Let q(m) = 383*m**3 - m**2 - 14*m + 36. What is the units digit of q(2)?
8
Suppose -951 = -2*u - u. What is the tens digit of u?
1
Suppose 0 = -m + 25 + 8. Suppose -1914 = 6*f - 4*f + 3*p, 2*p + 8 = 0. What is the units digit of 6/m + f/(-33)?
9
Let a = 456 + 219. What is the units digit of a?
5
Let l(r) = -r**2 - r - 1. Let b(d) = 2*d**2 + 2*d - 15. Let a(z) = -b(z) - 4*l(z). What is the units digit of a(-6)?
9
Let u(d) = d**3 - 12*d**2 + d - 9. Let l be u(12). Let i = 5 + -2. What is the units digit of i/(l/(-15)*-1)?
5
Let g(c) = -c**2 - 9*c + 4. Let f be g(-9). Suppose -2*j + f = -0*j. Suppose -u - 161 = -5*b, -j*b + 7*b + 4*u - 181 = 0. What is the tens digit of b?
3
Let q = 5 - 8. Suppose 30 = -16*w + 14. What is the tens digit of q - 3/w - -16?
1
Suppose -3*d - 46 = -4*u, -u + 2*d - 26 = -4*u. Let j = -5 - -9. Suppose -j*h = -6 - u. What is the units digit of h?
4
Let r be (0 - 2/4)*-4 - -1. Suppose r*h = 136 - 4. What is the units digit of h?
4
Suppose 5*m - 341 = v, -3*v + 371 = 4*m + 83. Let y = 135 - m. What is the units digit of y?
6
Let b = -901 - -1156. What is the units digit of b?
5
Suppose 4*v = 2 + 26. Let n(q) = 3*q**2 - 18*q + 9. What is the units digit of n(v)?
0
Let l(m) = -17*m + 4. Let c be l(-2). Let g = -11 + c. Suppose 2*k + 2*s - g = 5*s, 5*s = 15. What is the tens digit of k?
1
Let f = 408 + 749. What is the units digit of f?
7
Let c = -7 + 1. Let l(k) = k**2 + k - 1. Let w(m) = 2*m**2 - m - 4. Let y(a) = 4*l(a) - w(a). What is the tens digit of y(c)?
4
Let l(a) = 2*a**2 + 2*a - 10. Let p be l(-5). Let y = 95 - p. What is the tens digit of y?
6
Let v(k) = 7 + 6 - k**2 - 10*k + 0*k**2. Let h be v(-11). What is the units digit of (4 + -2)/(h/28)?
8
Let p = 197 - 86. What is the units digit of p?
1
Suppose -x + 1 + 3 = 0, 2*x = -s + 100. What is the units digit of s?
2
Let c be (-6)/(-5)*30/9. Suppose -57 = -c*d - 9. Suppose -d = -r + 4. What is the units digit of r?
6
Let k(m) = 2*m**2 - 5*m + 1. Let p be k(5). Let z = p + -23. Suppose z*x - 4*r = 85, -43 = -4*x + r + 92. What is the tens digit of x?
3
Let u(y) = 2*y**3 - 5*y**2 - 4. Let s be u(4). What is the units digit of 7 + s - 2/(-1)?
3
Suppose 3*k - 581 = 727. What is the tens digit of k?
3
Suppose 4976 = -43*m + 51*m. What is the hundreds digit of m?
6
Let w be (-6)/(-15) - (-218)/5. Suppose 11*g - 6*g = -140. Let f = w + g. What is the units digit of f?
6
Let c be -6*1/(-2) + -67 - -1. Let i = c - -202. What is the hundreds digit of i?
1
Suppose 0 = 15*w - 2*w - 104. What is the units digit of w?
8
What is the units digit of (-6 - -8 - 3)/((-2)/1198)?
9
Let j = 231 + -324. Let n = j + 145. Suppose 0*h - 4*h = -n. What is the tens digit of h?
1
Let h = 1 - -3. Let q(c) = -c**3 + 29*c**2 - 91*c - 45. Let j be q(25). Suppose -h*y + j = -4*b, -3*y - 4*b + 96 = -y. What is the units digit of y?
6
Suppose -3*m - 3*u = -2781, -5*m + 10*m + 4*u = 4640. What is the units digit of m?
2
Let i = 17 - 17. Suppose 4*z - z - 147 = i. What is the units digit of z?
9
Let h be (-1*2)/(2/(-7)). Let f be ((-14)/(-3))/h*6. What is the tens digit of 19*2*(5 - f)?
3
Let i(t) = 5*t - 1. Let a be i(3). What is the tens digit of 1002/14 + 6/a?
7
Suppose 0 = 4*x - 2*z - 8500, -2*z + 4238 = 13*x - 11*x. What is the hundreds digit of x?
1
Suppose -10*t - 9 = -11*t. Suppose -t*k = -0*k - 2475. What is the hundreds digit of k?
2
Suppose -5*i + 2*a + 3*a = -25, 3*i = -4*a + 50. Let o = i - -171. What is the tens digit of o?
8
Let s = -18 + 17. Let o(l) = 2*l**2 - 6*l - 5. Let x be o(5). Let y = x + s. What is the tens digit of y?
1
Let m = 154 + -95. Let w be ((-25)/4)/((-3)/(-12)). Let r = w + m. What is the units digit of r?
4
Let z(n) = 10*n - 8. Suppose -3*b = -2*j + 26, -j - 11 = -4*b - 34. What is the units digit of z(j)?
2
Suppose 0 = 33*n - 18*n - 14655. What is the hundreds digit of n?
9
Let w(b) = 13*b**2 - 11*b + 6. What is the tens digit of w(-5)?
8
Let i = 167 - 118. Let s = 34 + i. What is the units digit of s?
3
Let f(s) = -2*s**2 - 2*s - 1. Let u(a) = -a**2 - a. Let y(x) = 2*f(x) - 5*u(x). Let j be y(0). What is the units digit of 3 + 6/j + 7?
7
Let l = -9 - -53. Suppose l = 4*x - 52. What is the tens digit of x?
2
Suppose 22694 = 6*t + 7520. What is the units digit of t?
9
Let v(y) = 23*y**3 + 3*y**2 + y + 2. Let b be v(3). Suppose 5*m = 15, -b = -5*u - m - 75. What is the hundreds digit of u?
1
Suppose 0 = x + m + m - 17, -49 = -5*x + 2*m. What is the tens digit of x?
1
Let q be 10/(-25) + 1962/5. Suppose -9*v - q = -13*v. Let s = -30 + v. What is the units digit of s?
8
Suppose 82 - 9 = q. Suppose 22 = 2*r - 4*z, q - 10 = 3*r + 4*z. What is the tens digit of r?
1
Let k(j) = j**3 - j**2 - 1. Let i be k(2). Suppose -2*x = i*x - 435. Suppose -x = -4*y - 5*m, 3*y - m - 44 = 7. What is the units digit of y?
8
Suppose -52395 - 9291 = -46*w. What is the hundreds digit of w?
3
Suppose -3*m - 17 = -3*v - v, 3*v - 49 = -5*m. Suppose n - v = -3*n. Suppose n*t = -u + 13, -4*t + 3 = 4*u - 45. What is the tens digit of u?
1
Let u = -180 + 60. Let g be u/18*3/(-2). Suppose 6*v - g*v = -228. What is the units digit of v?
7
Let x(p) be the second derivative of -p**3/3 - 8*p**2 - 11*p. Let u be x(-9). Suppose -4*v - 5*s = -60, -u*s = 3*v + s - 48. What is the tens digit of v?
2
Let l = -20 + 33. Suppose l*w - 1471 = 986. What is the tens digit of w?
8
Suppose 0 = -4*m - 16, r - 5 = 5*m - 3*m. Let l(g) = -g**2 - 3. Let p be l(r). What is the tens digit of 580/16 - (-3)/p?
3
Suppose 0 = 49*b - 87582 - 147618. What is the tens digit of b?
0
Suppose 2553 - 928 = 5*z. Suppose 9*s = 4*s + z. What is the units digit of s?
5
Let g = -103 + 566. Suppose 2*o + w = g, -9*w + 4*w = -4*o + 961. What is the units digit of o?
4
Suppose 0*t - t + 4 = 0. What is the units digit of (42/4)/(3/t)?
4
Let x(t) = -18*t - 1. Suppose 11*v - 10*v + 6 = 0. What is the hundreds digit of x(v)?
1
Let q(f) be the first derivative of 14*f**2 - 13*f + 16. What is the tens digit of q(6)?
5
What is the units digit of (-14 + 35016/84)/(2/14)?
0
Let s = -44 - -14. Let i = -16 - s. What is the tens digit of i?
1
Let z(a) = -a**3 - 20*a**2 - 19*a + 5. Let n be z(-19). What is the hundreds digit of 2408/20 + (-2)/n?
1
Let o(i) = 19*i**2 + 36*i - 88. What is the tens digit of o(12)?
8
What is the tens digit of (-18)/(-12) - (40788/8)/(-11)?
6
Let a(k) be the second derivative of -k**3/6 - k**2/2 - 8*k. Let f be a(-9). What is the tens digit of (-56)/(-10)*(f - 3)?
2
Let f = 303 - 177. Suppose 0 = -0*t - 2*t - a + 117, -2*t - 4*a = -f. What is the tens digit of t?
5
Suppose -4*y - 5*j - 2035 = -9*y, -5*y + 2035 = -j. What is the units digit of y?
7
Let v(r) = 5*r**2 + 2*r + 1. Let q be v(-1). Suppose 4*n = q + 16. Suppose -2*t + n*x = -63, -3*t + 4*x = -6*t + 152. What is the tens digit of t?
4
Let b(j) = -41*j - 1016. What is the thousands digit of b(-54)?
1
Suppose -2*m + 5*m - 2*w - 1439 = 0, 0 = 2*m + w - 957. What is the tens digit of m?
7
Let g be 337/3 + (-12)/9. Let u = g - 23. What is the units digit of u?
8
Let z(q) = 10 - 15 + 64 + 5 - q. What is the units digit of z(18)?
6
What is t